 6*z + 2. Let h(o) = -o**3 - 26*o**2 + 21*o - 164. Let u be h(-27). Give g(u).
18
Suppose 2*t = -j - 76, -35*t + 33*t - 60 = 5*j. Let b = t + 53. Let z(r) = -r + 7. Give z(b).
-6
Let y(l) = 583*l + 4 - 594*l + 0 + 14. Give y(2).
-4
Let c(i) = -2*i**2 + 3*i + 5. Let m = -26448 - -26455. Calculate c(m).
-72
Let d(s) = 19*s - 8. Let h(z) = 22*z - 10. Let g(u) = -6*d(u) + 5*h(u). Let o(f) = -f - 1. Let j(w) = 2*g(w) - 7*o(w). Calculate j(6).
-3
Let n = 39 - 37. Let f(i) = 829 - i**n + 825 - 1655 + 6*i. Give f(3).
8
Let l = -29 + 28. Let z be (1/(-2) - 2/4)*-2. Let v(u) = -37 + 77 + 10*u**3 - 40 - u**z. Give v(l).
-11
Let s be -13*(0 + 6)/(-6). Let z(m) = s*m**2 + 15*m**2 - 25*m**2 - 5. Give z(3).
22
Let v(b) = 3*b. Let r(m) = -m**3 - 13*m**2 - m - 2. Let l be r(-13). Suppose -5*x + l = -109. Let h be x/56 - (-17)/(-7). Give v(h).
-6
Let o(j) = 105*j - 8. Let c(d) = -93*d + 8. Let s(z) = 9*c(z) + 8*o(z). Determine s(-1).
5
Let i(c) = c**3 + 5*c**2 + 2. Suppose -22*s = 61 - 50 + 99. Give i(s).
2
Suppose 4*u = 5*s + 30, -5*u + 3 = -2*s - 26. Let b(m) = -1 + 126*m**3 - 2*m - 15*m**2 - 29*m**3 - 75*m**3 + 13*m**2 - 25*m**3. Determine b(s).
19
Let j(t) = -174*t + 223. Let z(q) = 660*q - 890. Let l(p) = 15*j(p) + 4*z(p). What is l(7)?
-5
Let g(r) = -r**2 + 4*r + 12. Let j be 896/84 - (-10)/(-6). Give g(j).
-33
Let p(k) = k**2 - 2*k - 3. Suppose 2*i = -4, -5*x + 9*x - 5*i - 58 = 0. Let f be (35/(-10) - -3)*x. Let b be (16/(-12))/2 - 22/f. Calculate p(b).
0
Let o(i) be the first derivative of 86 - 2*i**2 + 6*i - 1/3*i**3. Calculate o(-5).
1
Suppose 2*s - 166 = -2*j - 160, 3*j + s = 9. Let n(i) = 4*i**2 + 3*i + 3. Calculate n(j).
48
Let l(p) = p**2 + 8*p + 4. Let f(m) = m**2 + 4*m + 10. Let w be f(-4). Suppose 2*a = w - 0. Suppose 5*o + 60 = -a*o. Determine l(o).
-8
Let h(y) be the third derivative of -9*y**4/8 + 161*y**3/6 + 175*y**2 + 2. Determine h(6).
-1
Let d(i) = i + 4. Let k(c) = 9*c**2 - 38*c + 4. Let u be k(4). Let v = 20 + -13. Let w be 289/119 - u/v. Give d(w).
7
Let i(y) be the third derivative of 0*y + 1/4*y**4 + 1/6*y**3 + 0 - 9*y**2. Give i(-5).
-29
Suppose -29*b - 295*b + 1567 - 271 = 0. Let l(c) = -44*c + 172. Give l(b).
-4
Suppose -167 - 1 = -14*x. Suppose 50*p - x = 47*p. Let f(a) = -a + 5. Calculate f(p).
1
Let c(q) = -q**3 + q**2 + 4*q - 3. Suppose 3*r + 133 = 670. Let h = r + -176. Give c(h).
-9
Let b(w) = -w**2 - 30*w + 36. Let c be b(-31). Suppose -2*q - 2*q + 144 = 0. Suppose v = -c*v - q. Let j(u) = u**3 + 5*u**2 - 7*u - 7. Calculate j(v).
-1
Let f = 174367 - 174357. Let q(p) = 2*p**3 + 6*p**2 + 6*p + 4. Let n(d) = -3*d**3 - 5*d**2 - 5*d - 4. Let w(y) = -3*n(y) - 4*q(y). Calculate w(f).
6
Let a(o) = 3*o**2 + 13*o + 12. Let c(n) = -7*n**2 - 26*n - 22. Let u(i) = -5*a(i) - 2*c(i). Let s be u(-3). Let h(j) = j - 9. What is h(s)?
5
Let s(d) = -46*d + 932 + 734 - 1433. What is s(5)?
3
Let b(k) = -54*k**3 - 86*k**2 - 26*k - 7. Let w(q) = 35*q**3 + 86*q**2 + 27*q + 7. Let y(m) = 2*b(m) + 3*w(m). What is y(29)?
7
Let r(x) be the third derivative of -5*x**4/24 + x**3/6 - 141*x**2. Let v be (-14)/4*(-12)/(-21). Give r(v).
11
Suppose -10 - 2 = -3*i. Suppose 3*j - 9 = -z - 2*z, -z = -i*j + 17. Let l(s) be the first derivative of 13*s**4/4 - s**3/3 - s**2/2 - s + 33. Calculate l(z).
-14
Let m(v) = 22*v + 79. Let w be m(-3). Let s(a) = w*a + 3*a**3 + 7 - 2*a**2 - 10*a - 9. Give s(2).
20
Let l(p) = 2*p**2 + 35 + 3*p - 9 - 3*p**2 - 21. Let o(d) = 2*d**3 + 11*d**2 - 2*d + 1. Let x be o(-5). Suppose 6*r + 3*r = x. Calculate l(r).
1
Let p(j) = 4*j. Let h = -336 + 340. Let m(q) = q**2 + 6*q + 6. Let o be m(-6). Suppose -o*i + 20 = -h. Give p(i).
16
Let i(n) = -n**2 - 23*n - 46. Let u be i(-21). Let j = -20 + 24. Let z(f) = -j*f - 10 + 6*f + 11. What is z(u)?
-7
Let s(m) be the third derivative of -m**5/120 - m**4/12 + 59*m**3/6 + 26*m**2 - 2*m. Let w(z) be the first derivative of s(z). Calculate w(6).
-8
Let t be 6 - 0/(63/(-3)). Let q(c) = c**2 - 1. Let v(h) = 7*h**2 - 11*h. Let k(i) = -6*q(i) + v(i). Calculate k(t).
-24
Let z(m) = -2*m**2 + 1009*m - 6. Let j be z(0). Let p(c) = -c**2 + 10*c + 90. What is p(j)?
-6
Suppose 2*p + 17 = -5*d, -6*p + 18 = -2*d - 4*p. Let c(j) = j**2 - 3*j. What is c(d)?
40
Let o(m) = 324*m - 682*m - 2 - 23 + 347*m. What is o(-5)?
30
Suppose 0 = -15*i + 7*i. Suppose -42*a + 282 + 12 = i. Let y(m) = -m**3 + 7*m**2 - m + 6. Give y(a).
-1
Let k be (-2 + 2)/((-15)/(-3)). Let p(w) = w**3 - 2*w - 28. Give p(k).
-28
Let s(u) = 2*u**2 + u**3 - 462 - u + 459 - 8*u**2. Let a(p) be the second derivative of -p**4/12 + p**3 - p**2 - 4*p. Let m be a(4). Give s(m).
-9
Let u(s) be the second derivative of -1/4*s**4 - 7 + 4*s + 3/20*s**5 + 1/6*s**3 + s**2. Determine u(2).
16
Let j(c) = c**3 + 4*c**2 + 3*c + 2. Let m(x) = 4*x**3 - x**2 + x. Let v(l) = 3*l**3 + l. Let d(p) = -3*m(p) + 2*v(p). Let w be d(1). Determine j(w).
-10
Let k(c) = -5*c - 13 - 43 - c + 42 - 25. Calculate k(-9).
15
Let x be ((-6)/(-48))/((-13)/(-208)). Let c(n) = -38*n + 6. Give c(x).
-70
Suppose -3*t + 5*k + 33 = 0, 0*t - 18 = -t + 4*k. Let p(r) = -8*r + 35. Give p(t).
-13
Let w(i) = i - 5. Let v(c) = -3*c - 12*c - 8*c + 50*c - 26*c - 24. Let y be 12*2 - (0 - 0). Let t be v(y). What is w(t)?
-5
Let i(w) = w**3 - 3*w**2 - 31*w + 23. Suppose 134*q - 7 = 129*q + 4*m, 5*m - 14 = 3*q. Calculate i(q).
2
Suppose -26*c = -49 - 107. Let b(o) = -2*o - 10. Let s(f) = -3*f - 19. Let z(h) = 5*b(h) - 2*s(h). Let w(p) = -3*p - 11. Let d(v) = -5*w(v) + 4*z(v). Give d(c).
1
Let y(j) = 9*j**3 + 9*j**2 - 13*j - 10. Let x(f) = 5*f**3 + 6*f**2 - 7*f - 5. Let h(d) = -7*x(d) + 4*y(d). Give h(6).
-23
Let g(d) = d**3 + 4*d**2 + 3*d + 5. Let y be g(-4). Let l(t) = -14*t - 21*t + 0*t**3 + 6*t**2 + 47*t + t**3 + 7 - 20*t. Determine l(y).
14
Let d(o) = 3328*o**2 + 7*o + 5 + o**3 - 1659*o**2 - 1661*o**2. Give d(-7).
5
Let t(z) = 11*z**2 + z**3 - 719*z - 694 + 735*z + 677. Give t(-10).
-77
Let z(u) = 15*u + 26. Let w = 15790 + -15794. Calculate z(w).
-34
Let h(r) = r**2 - 10*r + 10. Let x be (-10)/(-2 - -1 - 5/(-15)). Let u be (x - 1) + (-4 - 2). Determine h(u).
-6
Suppose 45*f + 21 = 3*w + 48*f, -2 = -2*w + 2*f. Let t(u) = u**2 - 3*u - 15. What is t(w)?
-11
Suppose 0 = 13*o - 11*o - 12. Let d(s) = 20*s**2 - 8. Let b(j) = -2*j**2 + 1. Let z(f) = o*b(f) + d(f). Give z(-2).
30
Let h = 72840 - 72845. Let p(y) = -y + 7. Let a(v) = 3*v - 13. Let z(u) = -2*a(u) - 5*p(u). Let t(i) = -2*i - 28. Let d(j) = -2*t(j) + 7*z(j). Give d(h).
8
Let s(a) = -2*a**3 + 21*a**2 + 10*a + 18. Suppose 48 = 4*r - o, 3*r - 537*o = -532*o + 53. What is s(r)?
7
Let m(v) = v + 2. Let n = 115 + -49. Let t be 4212/n + 4/22. Suppose 0 = 59*i - t*i - 15. Calculate m(i).
-1
Let i be ((-1)/2)/(-4 + 562/140). Let o = 37 + i. Suppose 3*w + o*w = 40. Let u(v) = -v + 13. Calculate u(w).
5
Let d(j) = j**2 + 3*j + 4. Suppose 5*v - 3*v = q + 2, 4*q = -3*v + 14. Let y(k) = -4*k**2 + 5*k + 3. Let c be y(q). Determine d(c).
4
Let f = 8 - 9. Let n(d) = 11*d - 1. Let p(k) = 23*k - 5. Let c(g) = -1. Let y(l) = -3*c(l) + p(l). Let v(s) = -9*n(s) + 4*y(s). Determine v(f).
8
Let b(c) be the first derivative of -1/3*c**3 + 8*c + 147 + 3/2*c**2. What is b(6)?
-10
Let i(c) = 8*c - 71 + 14 - 76 - 60 + 209 - 5*c. Suppose 0*s + 3*s + 33 = 0. What is i(s)?
-17
Let g be 2*2/8*10. Let k be 7/(13*(-12)/(-312)). Let f(v) = -k + v + v + v**2 + 2 + g. What is f(-5)?
8
Suppose -5*q + 5 = -0. Suppose 7 - q = -3*d. Let s(k) = -50 + 102 - 2*k - 51 - 2*k. Give s(d).
9
Suppose -3*n - 19 = h + 2*n, 0 = 2*h + n - 7. Let l be 32/h - (-55)/33. Let q(m) = m**2 - 8*m + 12. Let z be q(l). Let g(k) = k + 4. Give g(z).
9
Suppose -2*j = 3*z - 3, 27 - 6 = 2*z - 5*j. Let f = -2 + z. Let i(d) = -6*d - 10*d**2 + 5*d - 4877 - 4654 + 9532. What is i(f)?
-10
Let g(c) = -40*c + 29*c - 16 + 10*c. Let a be 0/((-5)/(10/(-2))). Give g(a).
-16
Let l = 165 - 159. Let y(j) = -3*j**3 - 10*j**2 - 3*j - 3. Let g(o) = -o**3 - o**2 - o. Let m be (20/30)/((-1)/6). Let v(a) = m*g(a) + y(a). What is v(l)?
3
Suppose 5*j + 2*z - 20 = 0, -j + 13 = 2*z + 1. Suppose -j*a + 135 - 147 = 0. Let r(p) = p**2 + 3*p - 6. Calculate r(a).
12
Let h be (7 - (1 + 1)) + (-24)/(-8). Let a = 27 - h. Let j = 14 - a. Let u(l) = 2*l**2 + 6*l - 7. Determine u(j).
13
Let x(z) = 4 - 39013*z**3 + 39014*z**3 + z**2 - 5*z + 